-20211123213?
20211123220
In base 14, what is -1bc096 + 2?
-1bc094
In base 12, what is 0 + -614483a7?
-614483a7
In base 4, what is 121302320 - -10?
121302330
In base 15, what is -991 - e3dd?
-ed7e
In base 13, what is -1cc63 - c0b?
-20b71
In base 16, what is -14d - -445?
2f8
In base 10, what is 9866631 + 2?
9866633
In base 4, what is -311020 - -1330302?
1013222
In base 10, what is 21 - -148516?
148537
In base 16, what is -8b65 - a9c?
-9601
In base 9, what is 180 + -12564558?
-12564368
In base 11, what is 26 - 7558?
-7532
In base 15, what is 5 + 1c71c5e?
1c71c64
In base 11, what is 15792a + -160?
15777a
In base 13, what is -50490a6 - 15?
-50490bb
In base 2, what is -11001111000001000 + -1010?
-11001111000010010
In base 8, what is 24177 - -11344?
35543
In base 9, what is 1 + 13664568?
13664570
In base 16, what is 1e + -4250a3?
-425085
In base 16, what is 126482 - -34?
1264b6
In base 16, what is -ce + -6f2a?
-6ff8
In base 9, what is 3322 - -233?
3555
In base 9, what is 180560305 + -2?
180560303
In base 5, what is 10 - 403041033?
-403041023
In base 15, what is a49 - -44b3?
500c
In base 2, what is 1001111001011010001 - -10100010?
1001111001101110011
In base 10, what is 1785079 - 20?
1785059
In base 15, what is aed + 727?
1325
In base 13, what is -28a786 + -32?
-28a7b8
In base 8, what is 0 + -10114111?
-10114111
In base 9, what is 4045200 + 2?
4045202
In base 10, what is -11 + 3963256?
3963245
In base 7, what is -3051 - 1553023?
-1556104
In base 13, what is a649c + -98?
a6404
In base 15, what is 13cd8e301 + 2?
13cd8e303
In base 4, what is 1133101112003 - -13?
1133101112022
In base 3, what is 2 - -110120111111102?
110120111111111
In base 4, what is 1310231 - 2121?
1302110
In base 12, what is 3 - -396107a6?
396107a9
In base 2, what is 10001 + 110010110110100000110?
110010110110100010111
In base 2, what is 11111000000010011 + -1100101?
11110111110101110
In base 14, what is 5788 - -790?
6138
In base 13, what is -71baa63 - 3?
-71baa66
In base 13, what is -14b0951 + 13?
-14b093b
In base 11, what is -52 + -75a80?
-76022
In base 4, what is 231110103 - 12?
231110031
In base 10, what is -1 - -2968152?
2968151
In base 5, what is -223204404012 + 3?
-223204404004
In base 6, what is -353321144 - -5?
-353321135
In base 12, what is 127870a - -2?
1278710
In base 3, what is -12111 + -2020000022010?
-2020000111121
In base 9, what is 111 + 637384?
637505
In base 8, what is -13237461 - 362?
-13240043
In base 10, what is -1 + 93234229?
93234228
In base 4, what is -10 - -21020223102?
21020223032
In base 14, what is 3640 - 182?
349c
In base 4, what is 111000320322 + 0?
111000320322
In base 6, what is -2230 + -410533?
-413203
In base 7, what is 2 - 2242540246?
-2242540244
In base 13, what is -a5b7a7 - 4?
-a5b7ab
In base 10, what is 13598287 + -3?
13598284
In base 15, what is 20a300a - -5?
20a3010
In base 3, what is 11200121012021020 - -21?
11200121012021111
In base 16, what is -43587eb + 3?
-43587e8
In base 4, what is -101 - -1033001211201?
1033001211100
In base 10, what is 3091 + 459526?
462617
In base 7, what is -314 - -463633?
463316
In base 8, what is 1542064 + 15?
1542101
In base 8, what is -12 - -50001?
47767
In base 6, what is -210052142 - 423?
-210053005
In base 13, what is 3a - 565537?
-5654ca
In base 2, what is -11011 + 10001001110100111110101?
10001001110100111011010
In base 16, what is -1 - ad45491?
-ad45492
In base 6, what is -204 + -5150100?
-5150304
In base 13, what is 966 - -b670a?
b7373
In base 16, what is 13f8 + 28ba1?
29f99
In base 10, what is -10 - 494721?
-494731
In base 13, what is 0 + b243a8?
b243a8
In base 12, what is -1b3 - -3538?
3345
In base 2, what is -100111100101 - -111001101?
-100000011000
In base 14, what is -b965c + -49?
-b96a7
In base 13, what is 19068 + 32?
1909a
In base 15, what is 55a9 - 99?
5510
In base 14, what is -3508c25 + a?
-3508c19
In base 15, what is 4 + -49e686?
-49e682
In base 10, what is 100424 + -4560?
95864
In base 10, what is -71861686 + -2?
-71861688
In base 12, what is -2629b33 + 0?
-2629b33
In base 7, what is 4236 - -130410?
134646
In base 12, what is -5 - -20905b4?
20905ab
In base 6, what is -1230024235 + 2?
-1230024233
In base 5, what is -1300024123 + 13?
-1300024110
In base 5, what is -2333142 + 4112?
-2324030
In base 11, what is -6 + -3181a74?
-3181a7a
In base 5, what is 21220123 + 3331?
21224004
In base 14, what is 183 - -406275?
406418
In base 15, what is -272821 - 4?
-272825
In base 5, what is -122 - 13221?
-13343
In base 10, what is 35 - 718822?
-718787
In base 3, what is 1222001222010200 - 12?
1222001222010111
In base 4, what is -2221 - 1132311312?
-1132320133
In base 10, what is -4461 + 113518?
109057
In base 9, what is -16 + 2645265?
2645248
In base 14, what is -8 + -513889b?
-51388a5
In base 7, what is -40034221 - -11?
-40034210
In base 16, what is 47 + -6f49?
-6f02
In base 10, what is 7059 - 278?
6781
In base 6, what is -122322112 + 153?
-122321515
In base 2, what is -111011100100011 + 10110011111?
-111000110000100
In base 11, what is 16 + -2156?
-2140
In base 15, what is 1 - d5d54b9?
-d5d54b8
In base 2, what is -111101001100100011 + 101001?
-111101001011111010
In base 8, what is -22045100 + -27?
-22045127
In base 14, what is -69a - -590?
-10a
In base 6, what is 3013025320 - 1?
3013025315
In base 8, what is 3 - -16327144?
16327147
In base 11, what is -2 - -2a54a83?
2a54a81
In base 8, what is 115776015 + -2?
115776013
In base 9, what is 38716300 - -4?
38716304
In base 13, what is -53945b9 - 1?
-53945ba
In base 16, what is -1 - -481a27?
481a26
In base 9, what is -48470 + 304?
-48165
In base 15, what is 487c + -37cb?
10a1
In base 16, what is c68bc6 - -1b?
c68be1
In base 7, what is 45 - 3025045?
-3025000
In base 10, what is -10646 + 477?
-10169
In base 16, what is 625 - -48c7?
4eec
In base 14, what is 1d555d6a + 5?
1d555d71
In base 5, what is 21032121 + -40?
21032031
In base 14, what is 219b + -1758?
843
In base 5, what is 2 + 1001331444004?
1001331444011
In base 16, what is 48 + b26bd?
b2705
In base 4, what is 2 - 10322212110101?
-10322212110033
In base 2, what is -10 + -1001011011011110111010010?
-1001011011011110111010100
In base 7, what is 4446401 - 52?
4446316
In base 5, what is 4 - 20340434341?
-20340434332
In base 15, what is 2c6 + 7e2?
ab8
In base 13, what is 19 - 13b1334?
-13b1318
In base 16, what is 61fc + 1421?
761d
In base 16, what is 2697588 + -5?
2697583
In base 3, what is -10021200021000 + 110?
-10021200020120
In base 7, what is 4 + 101000412?
101000416
In base 7, what is -152120 - 1214?
-153334
In base 13, what is -271 + -47cb?
-4a6c
In base 5, what is 341334211 - -14?
341334230
In base 5, what is 34242 + -1133?
33104
In base 12, what is 62b0a5 - -3?
62b0a8
In base 10, what is -12362 - -376?
-11986
In base 15, what is 7a96 + 4c50?
c7e6
In base 15, what is 28c + 1b4258?
1b44e5
In base 12, what is -a + 8980824?
8980816
In base 10, what is 467027 + -112?
466915
In base 15, what is -752a2 + 10?
-75292
In base 2, what is -110000100 - 111010100100101010?
-111010101010101110
In base 15, what is 1122e96 + -5?
1122e91
In base 6, what is -21053 + 121124?
100031
In base 13, what is -46 - -34b94?
34b4b
In base 15, what is 210 - -34543?
34753
In base 10, what is 252 + -1041992?
-1041740
In base 6, what is -1015423341 + 5?
-1015423332
In base 10, what is -242296 - -91?
-242205
In base 15, what is 346 - -10c12?
11058
In base 6, what is 33541134 - 0?
33541134
In base 7, what is -225532453 + 13?
-225532440
In base 4, what is 20223 + 10321201?
11002030
In base 10, what is 21018137 + 0?
21018137
In base 15, what is 95386 - 415?
94e71
In base 13, what is 19 - 165c8898?
-165c887c
In base 13, what is 834 - -6a57?
758b
In base 3, what is 121100021000101110 + -1?
121100021000101102
In base 2, what is -11000110001100010 + -10001001010?
-11001000010101100
In base 9, what is 3504122 - 517?
3503504
In base 6, what is 40124240 + 20?
40124300
In base 9, what is 2 + 5156646?
5156648
In base 4, what is -202331200 + 21303?
-202303231
In base 16, what is 36 - e6461?
-e642b
In base 2, what is -11001010 - -100000110001010000?
100000101110000110
In base 14, what is -1 + 1ab40a90?
1ab40a8d
In base 14, what is -750a7d - 1c?
-750a9b
In base 13, what is -1b50 + -413?
-2263
In base 15, what is -4 - -9dc7db?
9dc7d7
In base 7, what is 